{"id":797,"date":"2024-06-19T16:33:15","date_gmt":"2024-06-19T14:33:15","guid":{"rendered":"https:\/\/lescoupeursdebourses.fr\/?post_type=product&#038;p=797"},"modified":"2024-06-19T19:28:43","modified_gmt":"2024-06-19T17:28:43","slug":"le-butin-des-coupeurs-de-bourses","status":"publish","type":"product","link":"https:\/\/lescoupeursdebourses.fr\/index.php\/produit\/le-butin-des-coupeurs-de-bourses\/","title":{"rendered":"Le Butin des Coupeurs de Bourses"},"content":{"rendered":"<p><strong>Voici le butin des Coupeurs de Bourses :<\/strong><\/p>\n<p><em>13 chansons enregistr\u00e9es en 2016, 2018 et 2022 dont voici les titres :<\/em><\/p>\n<p>1 &#8211; Charrette<br \/>\n2- Petit Sou<br \/>\n3- Les Compagnons<br \/>\n4- Jeune Gar\u00e7on<br \/>\n5- Cavalcade<br \/>\n6- L&rsquo;\u00e9preuve<br \/>\n7- Le Code<br \/>\n8- Ribeau<br \/>\n9- Codex Albinus 5474<br \/>\n10- Un coup s\u00fbr<br \/>\n11- Cachez vos \u00e9cus (version longue)<br \/>\n12- La romance du Voleur<br \/>\n13- Codex FoulBordelus<\/p>\n","protected":false},"excerpt":{"rendered":"<p>&#8230; \u00e0 t\u00e9l\u00e9charger<\/p>\n","protected":false},"featured_media":698,"template":"","meta":[],"product_brand":[],"product_cat":[23],"product_tag":[],"class_list":{"0":"post-797","1":"product","2":"type-product","3":"status-publish","4":"has-post-thumbnail","6":"product_cat-prix-libre","8":"first","9":"instock","10":"downloadable","11":"virtual","12":"sold-individually","13":"taxable","14":"purchasable","15":"product-type-simple"},"_links":{"self":[{"href":"https:\/\/lescoupeursdebourses.fr\/index.php\/wp-json\/wp\/v2\/product\/797","targetHints":{"allow":["GET"]}}],"collection":[{"href":"https:\/\/lescoupeursdebourses.fr\/index.php\/wp-json\/wp\/v2\/product"}],"about":[{"href":"https:\/\/lescoupeursdebourses.fr\/index.php\/wp-json\/wp\/v2\/types\/product"}],"wp:featuredmedia":[{"embeddable":true,"href":"https:\/\/lescoupeursdebourses.fr\/index.php\/wp-json\/wp\/v2\/media\/698"}],"wp:attachment":[{"href":"https:\/\/lescoupeursdebourses.fr\/index.php\/wp-json\/wp\/v2\/media?parent=797"}],"wp:term":[{"taxonomy":"product_brand","embeddable":true,"href":"https:\/\/lescoupeursdebourses.fr\/index.php\/wp-json\/wp\/v2\/product_brand?post=797"},{"taxonomy":"product_cat","embeddable":true,"href":"https:\/\/lescoupeursdebourses.fr\/index.php\/wp-json\/wp\/v2\/product_cat?post=797"},{"taxonomy":"product_tag","embeddable":true,"href":"https:\/\/lescoupeursdebourses.fr\/index.php\/wp-json\/wp\/v2\/product_tag?post=797"}],"curies":[{"name":"wp","href":"https:\/\/api.w.org\/{rel}","templated":true}]}}